{"id":13830,"date":"2024-03-26T13:12:40","date_gmt":"2024-03-26T12:12:40","guid":{"rendered":"https:\/\/www.charmig.nl\/?post_type=product&#038;p=13830"},"modified":"2026-04-23T09:36:09","modified_gmt":"2026-04-23T07:36:09","slug":"vintage-elementen-bank-modulair-mosgroen-1970s","status":"publish","type":"product","link":"https:\/\/www.charmig.nl\/fr\/produit\/archives\/vintage-elementen-bank-modulair-mosgroen-1970s\/","title":{"rendered":"Canap\u00e9 \u00e0 \u00e9l\u00e9ments vintage | Modulaire | vert mousse | 1970"},"content":{"rendered":"","protected":false},"excerpt":{"rendered":"Num\u00e9ro d'article : 211146\r\n\r\nCe g\u00e9n\u00e9reux canap\u00e9 \u00e0 \u00e9l\u00e9ments modulaires des ann\u00e9es 1970 peut \u00eatre enti\u00e8rement personnalis\u00e9 \u00e0 votre guise ! Le canap\u00e9 vintage se compose de pas moins de 6 \u00e9l\u00e9ments.\r\n\r\nLes accoudoirs peuvent \u00eatre retir\u00e9s des \u00e9l\u00e9ments, les possibilit\u00e9s sont donc infinies ! L'ensemble de canap\u00e9 est fabriqu\u00e9 dans un tissu velours doux de couleur vert mousse. Un canap\u00e9 unique dans lequel vous pourrez vous d\u00e9tendre !\r\n\r\nP\u00e9riode de conception : 1970\r\nStyle : Vintage, Mid-century modern\r\nMati\u00e8re : Velours ou tissu velout\u00e9\r\n\u00c9tat : En bon \u00e9tat vintage\r\n\r\nDimensions :\r\n\r\n<strong>4 places :\r\n<\/strong>Largeur : 278 cm\r\nHauteur : 95 cm\r\nProfondeur : 86 cm\r\nHauteur de l'assise : 40 cm\r\n\r\n<strong>2 places :<\/strong>\r\nLargeur : 145 cm\r\nHauteur : 95cm\r\nProfondeur : 86cm\r\nHauteur du si\u00e8ge : 40cm\r\n<em>\r\nLes articles de la vente d'\u00e9t\u00e9 ne peuvent pas \u00eatre retourn\u00e9s.<\/em>","protected":false},"featured_media":13831,"template":"","meta":{"_acf_changed":false},"product_brand":[],"product_cat":[103],"product_tag":[],"class_list":{"0":"post-13830","1":"product","2":"type-product","3":"status-publish","4":"has-post-thumbnail","6":"product_cat-archief","7":"product_shipping_class-koerier","9":"first","10":"outofstock","11":"shipping-taxable","12":"product-type-simple"},"composite_virtual":false,"composite_layout":"","composite_add_to_cart_form_location":"","composite_editable_in_cart":false,"composite_sold_individually_context":"","composite_shop_price_calc":"","composite_components":[],"composite_scenarios":[],"exclude_global_add_ons":[],"addons":[],"acf":[],"yoast_head":null,"yoast_head_json":null,"_links":{"self":[{"href":"https:\/\/www.charmig.nl\/fr\/wp-json\/wp\/v2\/product\/13830","targetHints":{"allow":["GET"]}}],"collection":[{"href":"https:\/\/www.charmig.nl\/fr\/wp-json\/wp\/v2\/product"}],"about":[{"href":"https:\/\/www.charmig.nl\/fr\/wp-json\/wp\/v2\/types\/product"}],"wp:featuredmedia":[{"embeddable":true,"href":"https:\/\/www.charmig.nl\/fr\/wp-json\/wp\/v2\/media\/13831"}],"wp:attachment":[{"href":"https:\/\/www.charmig.nl\/fr\/wp-json\/wp\/v2\/media?parent=13830"}],"wp:term":[{"taxonomy":"product_brand","embeddable":true,"href":"https:\/\/www.charmig.nl\/fr\/wp-json\/wp\/v2\/product_brand?post=13830"},{"taxonomy":"product_cat","embeddable":true,"href":"https:\/\/www.charmig.nl\/fr\/wp-json\/wp\/v2\/product_cat?post=13830"},{"taxonomy":"product_tag","embeddable":true,"href":"https:\/\/www.charmig.nl\/fr\/wp-json\/wp\/v2\/product_tag?post=13830"}],"curies":[{"name":"wp","href":"https:\/\/api.w.org\/{rel}","templated":true}]}}

Canapé à éléments vintage | Modulaire | vert mousse | 1970

Numéro d'article : 211146

Ce généreux canapé à éléments modulaires des années 1970 peut être entièrement personnalisé à votre guise ! Le canapé vintage se compose de pas moins de 6 éléments.

Les accoudoirs peuvent être retirés des éléments, les possibilités sont donc infinies ! L'ensemble de canapé est fabriqué dans un tissu velours doux de couleur vert mousse. Un canapé unique dans lequel vous pourrez vous détendre !

Période de conception : 1970
Style : Vintage, Mid-century modern
Matière : Velours ou tissu velouté
État : En bon état vintage

Dimensions :

<strong>4 places :
</strong>Largeur : 278 cm
Hauteur : 95 cm
Profondeur : 86 cm
Hauteur de l'assise : 40 cm

<strong>2 places :</strong>
Largeur : 145 cm
Hauteur : 95cm
Profondeur : 86cm
Hauteur du siège : 40cm
<em>
Les articles de la vente d'été ne peuvent pas être retournés.</em>
