{"id":16913,"date":"2024-11-25T21:26:16","date_gmt":"2024-11-25T20:26:16","guid":{"rendered":"https:\/\/www.charmig.nl\/?post_type=product&#038;p=16913"},"modified":"2026-04-23T09:36:27","modified_gmt":"2026-04-23T07:36:27","slug":"vintage-eettafel-uitschuifbaar-teak-130-cm","status":"publish","type":"product","link":"https:\/\/www.charmig.nl\/fr\/produit\/archives\/vintage-eettafel-uitschuifbaar-teak-130-cm\/","title":{"rendered":"Table de salle \u00e0 manger vintage | extensible | Teck | 130 cm"},"content":{"rendered":"","protected":false},"excerpt":{"rendered":"Num\u00e9ro d'article : 211371\r\n\r\nCette table de salle \u00e0 manger multifonctionnelle est incroyablement pratique. La table vintage a de beaux coins arrondis et est tr\u00e8s pratique. La table est notamment extensible en 2 parties, qui apr\u00e8s l'extension peuvent \u00eatre gliss\u00e9es sous la feuille normale. Vous les avez donc toujours \u00e0 port\u00e9e de main ! La table a de jolis coins arrondis.\r\n\r\nP\u00e9riode de conception : 1950-1960\r\nStyle : Mid century modern, Scandinavian design\r\nCondition : En \u00e9tat vintage, le plateau pr\u00e9sente une d\u00e9coloration et quelques marques d'utilisation comme le montre la photo.\r\nPays d'origine : Danemark\r\n\r\nLes dimensions\r\nLargeur : 130 cm\r\nLargeur \u00e9tendue : 234 cm\r\nProfondeur : 90 cm\r\nHauteur : 73 cm\r\n\r\nLes articles de la vente d'\u00e9t\u00e9 ne peuvent pas \u00eatre retourn\u00e9s","protected":false},"featured_media":16915,"template":"","meta":{"_acf_changed":false},"product_brand":[],"product_cat":[103],"product_tag":[],"class_list":{"0":"post-16913","1":"product","2":"type-product","3":"status-publish","4":"has-post-thumbnail","6":"product_cat-archief","7":"product_shipping_class-koerier","9":"first","10":"outofstock","11":"shipping-taxable","12":"purchasable","13":"product-type-simple"},"composite_virtual":false,"composite_layout":"","composite_add_to_cart_form_location":"","composite_editable_in_cart":false,"composite_sold_individually_context":"","composite_shop_price_calc":"","composite_components":[],"composite_scenarios":[],"exclude_global_add_ons":[],"addons":[],"acf":[],"yoast_head":null,"yoast_head_json":null,"_links":{"self":[{"href":"https:\/\/www.charmig.nl\/fr\/wp-json\/wp\/v2\/product\/16913","targetHints":{"allow":["GET"]}}],"collection":[{"href":"https:\/\/www.charmig.nl\/fr\/wp-json\/wp\/v2\/product"}],"about":[{"href":"https:\/\/www.charmig.nl\/fr\/wp-json\/wp\/v2\/types\/product"}],"wp:featuredmedia":[{"embeddable":true,"href":"https:\/\/www.charmig.nl\/fr\/wp-json\/wp\/v2\/media\/16915"}],"wp:attachment":[{"href":"https:\/\/www.charmig.nl\/fr\/wp-json\/wp\/v2\/media?parent=16913"}],"wp:term":[{"taxonomy":"product_brand","embeddable":true,"href":"https:\/\/www.charmig.nl\/fr\/wp-json\/wp\/v2\/product_brand?post=16913"},{"taxonomy":"product_cat","embeddable":true,"href":"https:\/\/www.charmig.nl\/fr\/wp-json\/wp\/v2\/product_cat?post=16913"},{"taxonomy":"product_tag","embeddable":true,"href":"https:\/\/www.charmig.nl\/fr\/wp-json\/wp\/v2\/product_tag?post=16913"}],"curies":[{"name":"wp","href":"https:\/\/api.w.org\/{rel}","templated":true}]}}

Table de salle à manger vintage | extensible | Teck | 130 cm

Numéro d'article : 211371

Cette table de salle à manger multifonctionnelle est incroyablement pratique. La table vintage a de beaux coins arrondis et est très pratique. La table est notamment extensible en 2 parties, qui après l'extension peuvent être glissées sous la feuille normale. Vous les avez donc toujours à portée de main ! La table a de jolis coins arrondis.

Période de conception : 1950-1960
Style : Mid century modern, Scandinavian design
Condition : En état vintage, le plateau présente une décoloration et quelques marques d'utilisation comme le montre la photo.
Pays d'origine : Danemark

Les dimensions
Largeur : 130 cm
Largeur étendue : 234 cm
Profondeur : 90 cm
Hauteur : 73 cm

Les articles de la vente d'été ne peuvent pas être retournés
