{"id":18829,"date":"2025-02-06T18:46:18","date_gmt":"2025-02-06T17:46:18","guid":{"rendered":"https:\/\/www.charmig.nl\/?post_type=product&#038;p=18829"},"modified":"2026-04-23T09:36:43","modified_gmt":"2026-04-23T07:36:43","slug":"vintage-secretaire-arne-wahl-iversen-teak-85-cm","status":"publish","type":"product","link":"https:\/\/www.charmig.nl\/fr\/produit\/archives\/vintage-secretaire-arne-wahl-iversen-teak-85-cm\/","title":{"rendered":"Secr\u00e9taire vintage | Arne Wahl Iversen | Teck | 85 cm"},"content":{"rendered":"","protected":false},"excerpt":{"rendered":"Num\u00e9ro d'article : 211493\r\n\r\nA la recherche d'un poste de travail \u00e9l\u00e9gant ou d'un meuble d\u00e9coratif ? Ce secr\u00e9taire vintage en teck convient parfaitement. Le secr\u00e9taire a \u00e9t\u00e9 con\u00e7u par Arne Wahl Iversen. El\u00e9gant et intemporel ! Derri\u00e8re l'abattant, vous trouverez 2 tiroirs et un espace de rangement pour les lettres, par exemple. Le secr\u00e9taire dispose \u00e9galement de 3 tiroirs o\u00f9 vous pouvez ranger beaucoup de choses. Les tiroirs sont dot\u00e9s de belles poign\u00e9es.\r\n\r\nP\u00e9riode de cr\u00e9ation : 1960-1970\r\nStyle : Mid century modern, vintage, scandinavian design\r\n\u00c9tat : En tr\u00e8s bon \u00e9tat\r\nDesigner : Arne Wahl Iversen\r\n\r\nLes dimensions\r\nLargeur : 85 cm\r\nHauteur : 109 cm\r\nProfondeur : 43 cm\r\nHauteur du sol au bord sup\u00e9rieur du bureau : 73 cm\r\nProfondeur du bureau : 67 cm","protected":false},"featured_media":18831,"template":"","meta":{"_acf_changed":false},"product_brand":[],"product_cat":[103],"product_tag":[],"class_list":{"0":"post-18829","1":"product","2":"type-product","3":"status-publish","4":"has-post-thumbnail","6":"product_cat-archief","7":"product_shipping_class-koerier","9":"first","10":"outofstock","11":"shipping-taxable","12":"product-type-simple"},"composite_virtual":false,"composite_layout":"","composite_add_to_cart_form_location":"","composite_editable_in_cart":false,"composite_sold_individually_context":"","composite_shop_price_calc":"","composite_components":[],"composite_scenarios":[],"exclude_global_add_ons":[],"addons":[],"acf":[],"yoast_head":null,"yoast_head_json":null,"_links":{"self":[{"href":"https:\/\/www.charmig.nl\/fr\/wp-json\/wp\/v2\/product\/18829","targetHints":{"allow":["GET"]}}],"collection":[{"href":"https:\/\/www.charmig.nl\/fr\/wp-json\/wp\/v2\/product"}],"about":[{"href":"https:\/\/www.charmig.nl\/fr\/wp-json\/wp\/v2\/types\/product"}],"wp:featuredmedia":[{"embeddable":true,"href":"https:\/\/www.charmig.nl\/fr\/wp-json\/wp\/v2\/media\/18831"}],"wp:attachment":[{"href":"https:\/\/www.charmig.nl\/fr\/wp-json\/wp\/v2\/media?parent=18829"}],"wp:term":[{"taxonomy":"product_brand","embeddable":true,"href":"https:\/\/www.charmig.nl\/fr\/wp-json\/wp\/v2\/product_brand?post=18829"},{"taxonomy":"product_cat","embeddable":true,"href":"https:\/\/www.charmig.nl\/fr\/wp-json\/wp\/v2\/product_cat?post=18829"},{"taxonomy":"product_tag","embeddable":true,"href":"https:\/\/www.charmig.nl\/fr\/wp-json\/wp\/v2\/product_tag?post=18829"}],"curies":[{"name":"wp","href":"https:\/\/api.w.org\/{rel}","templated":true}]}}

Secrétaire vintage | Arne Wahl Iversen | Teck | 85 cm

Numéro d'article : 211493

A la recherche d'un poste de travail élégant ou d'un meuble décoratif ? Ce secrétaire vintage en teck convient parfaitement. Le secrétaire a été conçu par Arne Wahl Iversen. Elégant et intemporel ! Derrière l'abattant, vous trouverez 2 tiroirs et un espace de rangement pour les lettres, par exemple. Le secrétaire dispose également de 3 tiroirs où vous pouvez ranger beaucoup de choses. Les tiroirs sont dotés de belles poignées.

Période de création : 1960-1970
Style : Mid century modern, vintage, scandinavian design
État : En très bon état
Designer : Arne Wahl Iversen

Les dimensions
Largeur : 85 cm
Hauteur : 109 cm
Profondeur : 43 cm
Hauteur du sol au bord supérieur du bureau : 73 cm
Profondeur du bureau : 67 cm
