{"id":19520,"date":"2025-03-03T15:45:57","date_gmt":"2025-03-03T14:45:57","guid":{"rendered":"https:\/\/www.charmig.nl\/?post_type=product&#038;p=19520"},"modified":"2026-04-23T09:36:48","modified_gmt":"2026-04-23T07:36:48","slug":"vintage-vloerlamp-xl-keramiek-bubble-lamp","status":"publish","type":"product","link":"https:\/\/www.charmig.nl\/fr\/produit\/archives\/vintage-vloerlamp-xl-keramiek-bubble-lamp\/","title":{"rendered":"Lampadaire vintage XL | C\u00e9ramique | Lampe bulle"},"content":{"rendered":"","protected":false},"excerpt":{"rendered":"Ouah ! Ce lampadaire vintage est vraiment TELLEMENT joli, un v\u00e9ritable accroche-regard. Cette lampe en c\u00e9ramique verte a \u00e9t\u00e9 fabriqu\u00e9e par Kaiser Leuchten. Cette lampe bulle comporte l'abat-jour d'origine, qui pr\u00e9sente de magnifiques d\u00e9tails verts et roses. Il y a de quoi se r\u00e9galer !\r\n\r\nLa lampe vintage peut accueillir 3 lampes, 1 lampe \u00e9clairant vers le haut et 2 lampes \u00e9clairant vers le bas. Ces lampes peuvent \u00eatre allum\u00e9es s\u00e9par\u00e9ment \u00e0 l'aide d'une ficelle plac\u00e9e sous l'abat-jour. La lampe est d\u00e9j\u00e0 belle \u00e0 regarder sans \u00eatre allum\u00e9e. Avec cette lampe, vous apportez imm\u00e9diatement de la couleur et de la convivialit\u00e9 dans votre maison !\r\n\r\nStyle : Moderne - R\u00e9tro\r\nMat\u00e9riau : C\u00e9ramique\r\n\u00c9tat : En tr\u00e8s bon \u00e9tat vintage\r\nMarque : Kaiser Leuchten\r\n\r\nDimensions : Hauteur : 165 cm\r\nHauteur : 165 cm\r\nDiam\u00e8tre de l'abat-jour : 55 cm\r\n\r\n<em>Num\u00e9ro d'article : 211536<\/em>","protected":false},"featured_media":19534,"template":"","meta":{"_acf_changed":false},"product_brand":[],"product_cat":[103],"product_tag":[],"class_list":{"0":"post-19520","1":"product","2":"type-product","3":"status-publish","4":"has-post-thumbnail","6":"product_cat-archief","7":"product_shipping_class-koerier","9":"first","10":"outofstock","11":"shipping-taxable","12":"purchasable","13":"product-type-simple"},"composite_virtual":false,"composite_layout":"","composite_add_to_cart_form_location":"","composite_editable_in_cart":false,"composite_sold_individually_context":"","composite_shop_price_calc":"","composite_components":[],"composite_scenarios":[],"exclude_global_add_ons":[],"addons":[],"acf":[],"yoast_head":null,"yoast_head_json":null,"_links":{"self":[{"href":"https:\/\/www.charmig.nl\/fr\/wp-json\/wp\/v2\/product\/19520","targetHints":{"allow":["GET"]}}],"collection":[{"href":"https:\/\/www.charmig.nl\/fr\/wp-json\/wp\/v2\/product"}],"about":[{"href":"https:\/\/www.charmig.nl\/fr\/wp-json\/wp\/v2\/types\/product"}],"wp:featuredmedia":[{"embeddable":true,"href":"https:\/\/www.charmig.nl\/fr\/wp-json\/wp\/v2\/media\/19534"}],"wp:attachment":[{"href":"https:\/\/www.charmig.nl\/fr\/wp-json\/wp\/v2\/media?parent=19520"}],"wp:term":[{"taxonomy":"product_brand","embeddable":true,"href":"https:\/\/www.charmig.nl\/fr\/wp-json\/wp\/v2\/product_brand?post=19520"},{"taxonomy":"product_cat","embeddable":true,"href":"https:\/\/www.charmig.nl\/fr\/wp-json\/wp\/v2\/product_cat?post=19520"},{"taxonomy":"product_tag","embeddable":true,"href":"https:\/\/www.charmig.nl\/fr\/wp-json\/wp\/v2\/product_tag?post=19520"}],"curies":[{"name":"wp","href":"https:\/\/api.w.org\/{rel}","templated":true}]}}

Lampadaire vintage XL | Céramique | Lampe bulle

Ouah ! Ce lampadaire vintage est vraiment TELLEMENT joli, un véritable accroche-regard. Cette lampe en céramique verte a été fabriquée par Kaiser Leuchten. Cette lampe bulle comporte l'abat-jour d'origine, qui présente de magnifiques détails verts et roses. Il y a de quoi se régaler !

La lampe vintage peut accueillir 3 lampes, 1 lampe éclairant vers le haut et 2 lampes éclairant vers le bas. Ces lampes peuvent être allumées séparément à l'aide d'une ficelle placée sous l'abat-jour. La lampe est déjà belle à regarder sans être allumée. Avec cette lampe, vous apportez immédiatement de la couleur et de la convivialité dans votre maison !

Style : Moderne - Rétro
Matériau : Céramique
État : En très bon état vintage
Marque : Kaiser Leuchten

Dimensions : Hauteur : 165 cm
Hauteur : 165 cm
Diamètre de l'abat-jour : 55 cm

<em>Numéro d'article : 211536</em>
