{"id":23666,"date":"2025-12-08T11:51:23","date_gmt":"2025-12-08T10:51:23","guid":{"rendered":"https:\/\/www.charmig.nl\/?post_type=product&#038;p=23666"},"modified":"2026-04-23T09:37:28","modified_gmt":"2026-04-23T07:37:28","slug":"set-van-2-vintage-fauteuils-eiken-deens","status":"publish","type":"product","link":"https:\/\/www.charmig.nl\/fr\/produit\/archives\/set-van-2-vintage-fauteuils-eiken-deens\/","title":{"rendered":"Fauteuil vintage | Ch\u00eane | Danois"},"content":{"rendered":"","protected":false},"excerpt":{"rendered":"Ce magnifique fauteuil attirera tous les regards dans votre int\u00e9rieur mid-century. Le fauteuil a \u00e9t\u00e9 con\u00e7u par Komfort au Danemark. Le fauteuil vintage a un design intemporel et est confortable. Le fauteuil vintage est rev\u00eatu d'un tr\u00e8s beau tissu m\u00e9lang\u00e9 orange-rouge.\r\n\r\nVeuillez noter que seule la chaise de gauche sur les photos est encore disponible.\r\n\r\nP\u00e9riode de conception : ann\u00e9es 1960\r\nStyle : Vintage, Moderne\r\nMati\u00e8re : Tissu\r\nCondition : En bon \u00e9tat\r\nDesigner : Komfort\r\n\r\nDimensions : Largeur : 80 cm\r\nLargeur : 80 cm\r\nHauteur : 72 cm\r\nProfondeur : 74 cm\r\nHauteur de l'assise : 39 cm\r\n\r\nNum\u00e9ro d'article : 211800","protected":false},"featured_media":23667,"template":"","meta":{"_acf_changed":false},"product_brand":[],"product_cat":[103],"product_tag":[],"class_list":{"0":"post-23666","1":"product","2":"type-product","3":"status-publish","4":"has-post-thumbnail","6":"product_cat-archief","7":"product_shipping_class-koerier","9":"first","10":"outofstock","11":"shipping-taxable","12":"purchasable","13":"product-type-simple"},"composite_virtual":false,"composite_layout":"","composite_add_to_cart_form_location":"","composite_editable_in_cart":false,"composite_sold_individually_context":"","composite_shop_price_calc":"","composite_components":[],"composite_scenarios":[],"exclude_global_add_ons":[],"addons":[],"acf":[],"yoast_head":null,"yoast_head_json":null,"_links":{"self":[{"href":"https:\/\/www.charmig.nl\/fr\/wp-json\/wp\/v2\/product\/23666","targetHints":{"allow":["GET"]}}],"collection":[{"href":"https:\/\/www.charmig.nl\/fr\/wp-json\/wp\/v2\/product"}],"about":[{"href":"https:\/\/www.charmig.nl\/fr\/wp-json\/wp\/v2\/types\/product"}],"wp:featuredmedia":[{"embeddable":true,"href":"https:\/\/www.charmig.nl\/fr\/wp-json\/wp\/v2\/media\/23667"}],"wp:attachment":[{"href":"https:\/\/www.charmig.nl\/fr\/wp-json\/wp\/v2\/media?parent=23666"}],"wp:term":[{"taxonomy":"product_brand","embeddable":true,"href":"https:\/\/www.charmig.nl\/fr\/wp-json\/wp\/v2\/product_brand?post=23666"},{"taxonomy":"product_cat","embeddable":true,"href":"https:\/\/www.charmig.nl\/fr\/wp-json\/wp\/v2\/product_cat?post=23666"},{"taxonomy":"product_tag","embeddable":true,"href":"https:\/\/www.charmig.nl\/fr\/wp-json\/wp\/v2\/product_tag?post=23666"}],"curies":[{"name":"wp","href":"https:\/\/api.w.org\/{rel}","templated":true}]}}

Fauteuil vintage | Chêne | Danois

Ce magnifique fauteuil attirera tous les regards dans votre intérieur mid-century. Le fauteuil a été conçu par Komfort au Danemark. Le fauteuil vintage a un design intemporel et est confortable. Le fauteuil vintage est revêtu d'un très beau tissu mélangé orange-rouge.

Veuillez noter que seule la chaise de gauche sur les photos est encore disponible.

Période de conception : années 1960
Style : Vintage, Moderne
Matière : Tissu
Condition : En bon état
Designer : Komfort

Dimensions : Largeur : 80 cm
Largeur : 80 cm
Hauteur : 72 cm
Profondeur : 74 cm
Hauteur de l'assise : 39 cm

Numéro d'article : 211800
