{"id":6257,"date":"2023-02-20T13:26:19","date_gmt":"2023-02-20T12:26:19","guid":{"rendered":"https:\/\/www.charmig.nl\/product\/vloerlamp-lyfa-ardina-e095-deens-mid-century-design\/"},"modified":"2026-04-23T09:35:22","modified_gmt":"2026-04-23T07:35:22","slug":"vloerlamp-lyfa-ardina-e095-deens-mid-century-design","status":"publish","type":"product","link":"https:\/\/www.charmig.nl\/fr\/produit\/archives\/vloerlamp-lyfa-ardina-e095-deens-mid-century-design\/","title":{"rendered":"Lampadaire | Lyfa | Ardina E095 | Danois | Milieu du si\u00e8cle | Design"},"content":{"rendered":"","protected":false},"excerpt":{"rendered":"Num\u00e9ro d'article : 210536\r\n\r\nSuperbe design minimaliste de Scandinavie ! Ce lampadaire vintage a \u00e9t\u00e9 produit par Lyfa au Danemark. Ce mod\u00e8le, Ardina E095, a de belles lamelles en m\u00e9tal et donne une belle lumi\u00e8re calme. Un v\u00e9ritable accroche-regard !\r\n\r\n<em>\r\nLes articles de la vente d'\u00e9t\u00e9 ne peuvent pas \u00eatre retourn\u00e9s.<\/em>","protected":false},"featured_media":6856,"template":"","meta":{"_acf_changed":false},"product_brand":[],"product_cat":[103],"product_tag":[],"class_list":{"0":"post-6257","1":"product","2":"type-product","3":"status-publish","4":"has-post-thumbnail","6":"product_cat-archief","7":"product_shipping_class-koerier","9":"first","10":"outofstock","11":"shipping-taxable","12":"product-type-simple"},"composite_virtual":false,"composite_layout":"","composite_add_to_cart_form_location":"","composite_editable_in_cart":false,"composite_sold_individually_context":"","composite_shop_price_calc":"","composite_components":[],"composite_scenarios":[],"exclude_global_add_ons":[],"addons":[],"acf":[],"yoast_head":null,"yoast_head_json":null,"_links":{"self":[{"href":"https:\/\/www.charmig.nl\/fr\/wp-json\/wp\/v2\/product\/6257","targetHints":{"allow":["GET"]}}],"collection":[{"href":"https:\/\/www.charmig.nl\/fr\/wp-json\/wp\/v2\/product"}],"about":[{"href":"https:\/\/www.charmig.nl\/fr\/wp-json\/wp\/v2\/types\/product"}],"wp:featuredmedia":[{"embeddable":true,"href":"https:\/\/www.charmig.nl\/fr\/wp-json\/wp\/v2\/media\/6856"}],"wp:attachment":[{"href":"https:\/\/www.charmig.nl\/fr\/wp-json\/wp\/v2\/media?parent=6257"}],"wp:term":[{"taxonomy":"product_brand","embeddable":true,"href":"https:\/\/www.charmig.nl\/fr\/wp-json\/wp\/v2\/product_brand?post=6257"},{"taxonomy":"product_cat","embeddable":true,"href":"https:\/\/www.charmig.nl\/fr\/wp-json\/wp\/v2\/product_cat?post=6257"},{"taxonomy":"product_tag","embeddable":true,"href":"https:\/\/www.charmig.nl\/fr\/wp-json\/wp\/v2\/product_tag?post=6257"}],"curies":[{"name":"wp","href":"https:\/\/api.w.org\/{rel}","templated":true}]}}

Lampadaire | Lyfa | Ardina E095 | Danois | Milieu du siècle | Design

Numéro d'article : 210536

Superbe design minimaliste de Scandinavie ! Ce lampadaire vintage a été produit par Lyfa au Danemark. Ce modèle, Ardina E095, a de belles lamelles en métal et donne une belle lumière calme. Un véritable accroche-regard !

<em>
Les articles de la vente d'été ne peuvent pas être retournés.</em>
